{"id":484,"date":"2022-05-20T17:50:29","date_gmt":"2022-05-20T08:50:29","guid":{"rendered":"http:\/\/kodajima.net\/smile\/?page_id=484"},"modified":"2022-05-22T17:33:26","modified_gmt":"2022-05-22T08:33:26","slug":"21-%e8%bb%a2%e8%ba%ab%e6%90%ac%e6%ac%84%e6%8d%b6","status":"publish","type":"page","link":"https:\/\/kodajima.net\/smile\/%e5%a4%aa%e6%a5%b5%e6%8b%b3%e5%ae%9f%e6%8a%80%e3%83%86%e3%82%ad%e3%82%b9%e3%83%88\/%e7%ac%ac2%e7%ab%a0%e3%80%8024%e5%bc%8f%e5%a4%aa%e6%a5%b5%e6%8b%b3%e3%81%ae%e5%ad%a6%e3%81%b3%e6%96%b9\/21-%e8%bb%a2%e8%ba%ab%e6%90%ac%e6%ac%84%e6%8d%b6\/","title":{"rendered":"21.\u8ee2\u8eab\u642c\u6b04\u6376"},"content":{"rendered":"<h4>21.\u300c\u8ee2\u8eab\u642c\u6b04\u6376\u300d\uff08\u30ba\u30a1\u30f3\u30b7\u30a7\u30f3\u30d0\u30f3\u30e9\u30f3\u30c1\u30a7\u30a4\uff09<\/h4>\n<p><img loading=\"lazy\" class=\"alignnone wp-image-486\" src=\"http:\/\/kodajima.net\/smile\/wp\/wp-content\/uploads\/2022\/05\/\u56f3163-300x192.png\" alt=\"\" width=\"247\" height=\"158\" srcset=\"https:\/\/kodajima.net\/smile\/wp\/wp-content\/uploads\/2022\/05\/\u56f3163-300x192.png 300w, https:\/\/kodajima.net\/smile\/wp\/wp-content\/uploads\/2022\/05\/\u56f3163-1024x655.png 1024w, https:\/\/kodajima.net\/smile\/wp\/wp-content\/uploads\/2022\/05\/\u56f3163-768x492.png 768w, https:\/\/kodajima.net\/smile\/wp\/wp-content\/uploads\/2022\/05\/\u56f3163-1536x983.png 1536w, https:\/\/kodajima.net\/smile\/wp\/wp-content\/uploads\/2022\/05\/\u56f3163.png 1589w\" sizes=\"(max-width: 247px) 100vw, 247px\" \/><img loading=\"lazy\" class=\"alignnone wp-image-491\" src=\"http:\/\/kodajima.net\/smile\/wp\/wp-content\/uploads\/2022\/05\/\u56f3164-300x193.png\" alt=\"\" width=\"253\" height=\"163\" srcset=\"https:\/\/kodajima.net\/smile\/wp\/wp-content\/uploads\/2022\/05\/\u56f3164-300x193.png 300w, https:\/\/kodajima.net\/smile\/wp\/wp-content\/uploads\/2022\/05\/\u56f3164-1024x659.png 1024w, https:\/\/kodajima.net\/smile\/wp\/wp-content\/uploads\/2022\/05\/\u56f3164-768x494.png 768w, https:\/\/kodajima.net\/smile\/wp\/wp-content\/uploads\/2022\/05\/\u56f3164-1536x989.png 1536w, https:\/\/kodajima.net\/smile\/wp\/wp-content\/uploads\/2022\/05\/\u56f3164.png 1549w\" sizes=\"(max-width: 253px) 100vw, 253px\" \/><br \/>\n<strong>\u52d5\u4f5c\u9806\u5e8f\u3000\u3000\u56f3164<br \/>\n\u4f53 \u3000<\/strong>\u91cd\u5fc3\u3092\u5de6\u8db3\u306b\u79fb\u3057\u306a\u304c\u3089\u3001\u4f53\u3092\u5c11\u3057\u5de6\u306b\u56de\u3059\u3002<strong><br \/>\n\u8db3 \u3000<\/strong>\u53f3\u8db3\u8e35\u3092\u3042\u3052\u308b\u3002<strong><br \/>\n\u624b \u3000<\/strong>\u5de6\u624b\u3092\u5de6\u984d\u306e\u524d\u306b\u304a\u308d\u3059\u3002\u638c\u5fc3\u306f\u659c\u3081\u4e0a\u5411\u304d\u3002\u53f3\u624b\u306f\u4e0b\u306b\u3001\u5de6\u306b\u5f27\u3092\u63cf\u3044\u3066\u8179\u306e\u5de6\u524d\u306b\u53ce\u3081\u3001\u638c\u3092\u62f3\u306b\u5909\u3048\u3066\u62f3\u5fc3\u3092\u4e0b\u306b\u5411\u3051\u308b\u3002<strong><br \/>\n\u76ee\u3000 <\/strong>\u53f3\u65b9\u5411\u3092\u898b\u308b\u3002<strong><br \/>\n<\/strong><\/p>\n<p><strong>\u52d5\u4f5c\u8981\u9818\u00a0 \u3000\u56f3163<br \/>\n<\/strong>\u53f3\u80a1\u95a2\u7bc0\u3092\u6298\u308a\u8fbc\u3093\u3067\u6c88\u3081\u3001\u91cd\u5fc3\u3092\u53f3\u8db3\u306b\u79fb\u3057\u3001\u8170\u3092\u8ef8\u306b\u4e0a\u4f53\u3092\u53f3\u306b\u56de\u3057\u3066\u3001180\u00b0\u53cd\u5bfe\u5074\u3092\u5411\u304f\u3002<br \/>\n\u3053\u308c\u306b\u3042\u308f\u305b\u3066\u3001\u5de6\u8db3\u306e\u8e35\u3092\u8ef8\u306b\u3057\u3066\u5de6\u8db3\u5148\u3092\u5185\u5074\u306b\u56de\u3057\u5165\u308c\u308b\u3002\u5de6\u8db3\u306f\u6b21\u306e\u52d5\u4f5c\u306e\u8ef8\u8db3\u306b\u306a\u308b\u306e\u3067\u3001\u8db3\u5148\u3092\u3067\u304d\u308b\u9650\u308a\u5185\u5074\u306b\u5411\u3051\u308b\u3002<br \/>\n\u53f3\u624b\u306f\u3001\u53f3\u306b\u3001\u4e0b\u306b\u7acb\u5186\u3092\u63cf\u3044\u3066\u53f3\u80f8\u524d\u306b\u304a\u308d\u3059\u3002<br \/>\n\u5de6\u624b\u3082\u5f27\u3092\u63cf\u3044\u3066\u3001\u5de6\u984d\u306e\u659c\u3081\u4e0a\u306b\u81f3\u308b\u3002<br \/>\n\u982d\u90e8\u3092\u6301\u3061\u3042\u3052\u3066\u4e0a\u4f53\u3092\u4e2d\u6b63\u306b\u4fdd\u3061\u306a\u304c\u3089\u3001\u53f3\u306b\u5341\u5206\u306b\u56de\u3059\u3002<strong><br \/>\n<\/strong><\/p>\n<p><strong>\u6ce8\u610f\u4e8b\u9805\u3000\u3000\u56f3163<br \/>\n<\/strong>\u8ee2\u8eab\u3059\u308b\u6642\u3001\u5de6\u8db3\u5148\u3092\u5341\u5206\u5185\u306b\u5165\u308c\u308b\u3002\u81c0\u90e8\u3092\u3086\u304c\u307e\u305b\u305f\u308a\u3001\u8170\u3092\u6d6e\u304b\u305b\u306a\u3044\u3088\u3046\u306b\u91cd\u5fc3\u3092\u79fb\u52d5\u3059\u308b\u3002<br \/>\n\u91cd\u5fc3\u3092\u5341\u5206\u306b\u53f3\u8db3\u306b\u79fb\u3057\u3001\u4f53\u3082\u53f3\u306b\u5341\u5206\u306b\u56de\u3059\u3002<br \/>\n<strong>\u6ce8\u610f\u4e8b\u9805\u3000\u3000\u56f3164<br \/>\n<\/strong>\u300c\u5750\u8eab\u63e1\u62f3\uff08Zu\u00f2 sh\u0113n w\u00f2qu\u00e1n\u30fb\u30be\u30a6\u30b7\u30f3\u30d5\u30a9\u30a5\u30c1\u30a7\u30a3\u30f3\uff09\u300d\u3067\u306f\u53f3\u8db3\u306e\u4f4d\u7f6e\u3092\u305a\u3089\u3055\u306a\u3044\u3053\u3068\u3002\u4f46\u3057\u3001\u8e35\u3092\u5c11\u3057\u6301\u3061\u3042\u3052\u3066\u300c\u7591\u6b69\uff08Y\u00ed b\u00f9\u30fb\u30a4\u30fc\u30dc\u30a5\uff09\u300d\u306b\u5099\u3048\u308b\u3002\u53f3\u814b\u4e0b\u306b\u9699\u9593\u3092\u4fdd\u3064\u3002<\/p>\n<p><img loading=\"lazy\" class=\"alignnone wp-image-520\" src=\"http:\/\/kodajima.net\/smile\/wp\/wp-content\/uploads\/2022\/05\/\u56f3172-300x195.png\" alt=\"\" width=\"255\" height=\"166\" srcset=\"https:\/\/kodajima.net\/smile\/wp\/wp-content\/uploads\/2022\/05\/\u56f3172-300x195.png 300w, https:\/\/kodajima.net\/smile\/wp\/wp-content\/uploads\/2022\/05\/\u56f3172-1024x664.png 1024w, https:\/\/kodajima.net\/smile\/wp\/wp-content\/uploads\/2022\/05\/\u56f3172-768x498.png 768w, https:\/\/kodajima.net\/smile\/wp\/wp-content\/uploads\/2022\/05\/\u56f3172.png 1512w\" sizes=\"(max-width: 255px) 100vw, 255px\" \/> <img loading=\"lazy\" class=\"alignnone wp-image-522\" src=\"http:\/\/kodajima.net\/smile\/wp\/wp-content\/uploads\/2022\/05\/\u56f3173\u4fee\u6b63-300x196.png\" alt=\"\" width=\"242\" height=\"158\" srcset=\"https:\/\/kodajima.net\/smile\/wp\/wp-content\/uploads\/2022\/05\/\u56f3173\u4fee\u6b63-300x196.png 300w, https:\/\/kodajima.net\/smile\/wp\/wp-content\/uploads\/2022\/05\/\u56f3173\u4fee\u6b63-1024x669.png 1024w, https:\/\/kodajima.net\/smile\/wp\/wp-content\/uploads\/2022\/05\/\u56f3173\u4fee\u6b63-768x502.png 768w, https:\/\/kodajima.net\/smile\/wp\/wp-content\/uploads\/2022\/05\/\u56f3173\u4fee\u6b63.png 1501w\" sizes=\"(max-width: 242px) 100vw, 242px\" \/><br \/>\n<strong>\u52d5\u4f5c\u9806\u5e8f\u3000\u3000\u56f3172\uff5e173<\/strong><br \/>\n<strong>\u4f53<\/strong>\u3000\u3000\u91cd\u5fc3\u3092\u53f3\u8db3\u306b\u79fb\u3057\u3066\u3086\u304f\u3002<br \/>\n<strong>\u8db3<\/strong>\u3000\u3000\u5de6\u8db3\u5148\u3092\u3042\u3052\u308b\u3002<br \/>\n<strong>\u624b<\/strong>\u3000\u3000\u4e21\u624b\u3092\u304b\u3048\u3057\u3066\u3001\u5185\u5074\u306b\u3001\u659c\u3081\u4e0b\u306b\u5411\u3051\u306a\u304c\u3089\u3001\u4e21\u8098\u3092\u66f2\u3052\u3066\u3001\u80f8\u306e\u524d\u304b\u3089\u4e0b\u306b\u3001\u5f27\u3092\u63cf\u304d\u3001\u8179\u306e\u524d\u307e\u3067\u5f15\u304d\u304a\u308d\u3057\u3066\u62bc\u3055\u3048\u308b\u3002<br \/>\n<strong>\u76ee<\/strong>\u3000\u3000\u524d\u65b9\u3092\u898b\u308b\u3002<\/p>\n<p><strong>\u52d5\u4f5c\u8981\u9818\u3000\u3000\u56f3171\uff5e175<\/strong><br \/>\n\u52d5\u4f5c\u306e\u8981\u9818\u306f\u3001<strong>\u652c\u96c0\u5c3e<\/strong>\u306e\u300c\u6309\u300d\u3068\u540c\u3058\u3002<br \/>\n\u4f46\u3057\u3001\u91cd\u5fc3\u3092\u5f8c\u8db3\u306b\u79fb\u3057\u3066\u4e21\u624b\u3092\u5f15\u304d\u5bc4\u305b\u308b\u6642\u3001\u4e21\u624b\u306f\u3001\u638c\u5fc3\u3092\u4e0a\u5411\u304d\u304b\u3089\u5185\u5074\u5411\u304d\u306b\u3001\u5185\u5074\u5411\u304d\u304b\u3089\u4e0b\u5411\u304d\u306b\u3068\u5f90\u3005\u306b\u8fd4\u3057\u3066\u884c\u3046\u3002<br \/>\n<img loading=\"lazy\" class=\"alignnone  wp-image-524\" src=\"http:\/\/kodajima.net\/smile\/wp\/wp-content\/uploads\/2022\/05\/\u56f3174-1-300x200.png\" alt=\"\" width=\"245\" height=\"163\" srcset=\"https:\/\/kodajima.net\/smile\/wp\/wp-content\/uploads\/2022\/05\/\u56f3174-1-300x200.png 300w, https:\/\/kodajima.net\/smile\/wp\/wp-content\/uploads\/2022\/05\/\u56f3174-1-1024x683.png 1024w, https:\/\/kodajima.net\/smile\/wp\/wp-content\/uploads\/2022\/05\/\u56f3174-1-768x512.png 768w, https:\/\/kodajima.net\/smile\/wp\/wp-content\/uploads\/2022\/05\/\u56f3174-1-1536x1024.png 1536w, https:\/\/kodajima.net\/smile\/wp\/wp-content\/uploads\/2022\/05\/\u56f3174-1.png 1549w\" sizes=\"(max-width: 245px) 100vw, 245px\" \/> <img loading=\"lazy\" class=\"alignnone  wp-image-525\" src=\"http:\/\/kodajima.net\/smile\/wp\/wp-content\/uploads\/2022\/05\/\u56f3175-1-300x200.png\" alt=\"\" width=\"237\" height=\"158\" srcset=\"https:\/\/kodajima.net\/smile\/wp\/wp-content\/uploads\/2022\/05\/\u56f3175-1-300x200.png 300w, https:\/\/kodajima.net\/smile\/wp\/wp-content\/uploads\/2022\/05\/\u56f3175-1-1024x682.png 1024w, https:\/\/kodajima.net\/smile\/wp\/wp-content\/uploads\/2022\/05\/\u56f3175-1-768x511.png 768w, https:\/\/kodajima.net\/smile\/wp\/wp-content\/uploads\/2022\/05\/\u56f3175-1.png 1533w\" sizes=\"(max-width: 237px) 100vw, 237px\" \/><\/p>\n<p><strong>\u52d5\u4f5c\u9806\u5e8f\u3000\u3000\u56f3174\uff5e175<\/strong><br \/>\n<strong>\u4f53<\/strong> \u3000\u91cd\u5fc3\u3092\u5de6\u8db3\u306b\u79fb\u3059\u3002<br \/>\n<strong>\u8db3<\/strong> \u3000\u5de6\u8db3\u5148\u3092\u7740\u5730\u3055\u305b\u3001\u53f3\u811a\u3092\u8e74\u308a\u4f38\u3070\u3057\u3001\u5de6\u5f13\u6b69\u3068\u306a\u308b\u3002<br \/>\n<strong>\u624b<\/strong> \u3000\u4e21\u624b\u3092\u524d\u306b\u3001\u4e0a\u306b\u5f27\u3092\u63cf\u304d\u306a\u304c\u3089\u63a8\u3057\u51fa\u3059\u3002\u624b\u9996\u3092\u6c88\u3081\u638c\u5fc3\u3092\u524d\u306b\u5411\u3051\u308b\u3002<br \/>\n<strong>\u76ee<\/strong> \u3000\u524d\u65b9\u3092\u898b\u308b\u3002<\/p>\n<p><strong>\u6ce8\u610f\u4e8b\u9805\u3000\u3000\u56f3175<\/strong><br \/>\n\u53f3\u8170\u3092\u524d\u306b\u9001\u308a\u5de6\u80a1\u95a2\u7bc0\u3092\u6298\u308a\u8fbc\u307f\u3001\u4e0a\u4f53\u304c\u307e\u3063\u3059\u3050\u306b\u306a\u308b\u3088\u3046\u306b\u3002<br \/>\n\u4e21\u8098\u3092\u3042\u3052\u306a\u3044\u3053\u3068\u3002<br \/>\n\u4e21\u624b\u306f\u5ea7\u8155\u306b\u3059\u308b\u3002<\/p>\n<p>&nbsp;<\/p>\n<div class=\"veu_socialSet veu_socialSet-position-after veu_contentAddSection\"><script>window.twttr=(function(d,s,id){var js,fjs=d.getElementsByTagName(s)[0],t=window.twttr||{};if(d.getElementById(id))return t;js=d.createElement(s);js.id=id;js.src=\"https:\/\/platform.twitter.com\/widgets.js\";fjs.parentNode.insertBefore(js,fjs);t._e=[];t.ready=function(f){t._e.push(f);};return t;}(document,\"script\",\"twitter-wjs\"));<\/script><ul><li class=\"sb_facebook sb_icon\"><a class=\"sb_icon_inner\" href=\"\/\/www.facebook.com\/sharer.php?src=bm&u=https%3A%2F%2Fkodajima.net%2Fsmile%2F%25e5%25a4%25aa%25e6%25a5%25b5%25e6%258b%25b3%25e5%25ae%259f%25e6%258a%2580%25e3%2583%2586%25e3%2582%25ad%25e3%2582%25b9%25e3%2583%2588%2F%25e7%25ac%25ac2%25e7%25ab%25a0%25e3%2580%258024%25e5%25bc%258f%25e5%25a4%25aa%25e6%25a5%25b5%25e6%258b%25b3%25e3%2581%25ae%25e5%25ad%25a6%25e3%2581%25b3%25e6%2596%25b9%2F21-%25e8%25bb%25a2%25e8%25ba%25ab%25e6%2590%25ac%25e6%25ac%2584%25e6%258d%25b6%2F&amp;t=%E6%B0%97%E5%8A%9F%E5%A4%AA%E6%A5%B5%E6%8B%B3%E3%82%B5%E3%83%BC%E3%82%AF%E3%83%AB%E3%83%BBSmile\" target=\"_blank\" onclick=\"window.open(this.href,'FBwindow','width=650,height=450,menubar=no,toolbar=no,scrollbars=yes');return false;\"><span class=\"vk_icon_w_r_sns_fb icon_sns\"><\/span><span class=\"sns_txt\">Facebook<\/span><span class=\"veu_count_sns_fb\"><\/span><\/a><\/li><li class=\"sb_twitter sb_icon\"><a class=\"sb_icon_inner\" href=\"\/\/twitter.com\/intent\/tweet?url=https%3A%2F%2Fkodajima.net%2Fsmile%2F%25e5%25a4%25aa%25e6%25a5%25b5%25e6%258b%25b3%25e5%25ae%259f%25e6%258a%2580%25e3%2583%2586%25e3%2582%25ad%25e3%2582%25b9%25e3%2583%2588%2F%25e7%25ac%25ac2%25e7%25ab%25a0%25e3%2580%258024%25e5%25bc%258f%25e5%25a4%25aa%25e6%25a5%25b5%25e6%258b%25b3%25e3%2581%25ae%25e5%25ad%25a6%25e3%2581%25b3%25e6%2596%25b9%2F21-%25e8%25bb%25a2%25e8%25ba%25ab%25e6%2590%25ac%25e6%25ac%2584%25e6%258d%25b6%2F&amp;text=%E6%B0%97%E5%8A%9F%E5%A4%AA%E6%A5%B5%E6%8B%B3%E3%82%B5%E3%83%BC%E3%82%AF%E3%83%AB%E3%83%BBSmile\" target=\"_blank\" ><span class=\"vk_icon_w_r_sns_twitter icon_sns\"><\/span><span class=\"sns_txt\">twitter<\/span><\/a><\/li><li class=\"sb_hatena sb_icon\"><a class=\"sb_icon_inner\" href=\"\/\/b.hatena.ne.jp\/add?mode=confirm&url=https%3A%2F%2Fkodajima.net%2Fsmile%2F%25e5%25a4%25aa%25e6%25a5%25b5%25e6%258b%25b3%25e5%25ae%259f%25e6%258a%2580%25e3%2583%2586%25e3%2582%25ad%25e3%2582%25b9%25e3%2583%2588%2F%25e7%25ac%25ac2%25e7%25ab%25a0%25e3%2580%258024%25e5%25bc%258f%25e5%25a4%25aa%25e6%25a5%25b5%25e6%258b%25b3%25e3%2581%25ae%25e5%25ad%25a6%25e3%2581%25b3%25e6%2596%25b9%2F21-%25e8%25bb%25a2%25e8%25ba%25ab%25e6%2590%25ac%25e6%25ac%2584%25e6%258d%25b6%2F&amp;title=%E6%B0%97%E5%8A%9F%E5%A4%AA%E6%A5%B5%E6%8B%B3%E3%82%B5%E3%83%BC%E3%82%AF%E3%83%AB%E3%83%BBSmile\" target=\"_blank\"  onclick=\"window.open(this.href,'Hatenawindow','width=650,height=450,menubar=no,toolbar=no,scrollbars=yes');return false;\"><span class=\"vk_icon_w_r_sns_hatena icon_sns\"><\/span><span class=\"sns_txt\">Hatena<\/span><span class=\"veu_count_sns_hb\"><\/span><\/a><\/li><li class=\"sb_pocket sb_icon\"><a class=\"sb_icon_inner\"  href=\"\/\/getpocket.com\/edit?url=https%3A%2F%2Fkodajima.net%2Fsmile%2F%25e5%25a4%25aa%25e6%25a5%25b5%25e6%258b%25b3%25e5%25ae%259f%25e6%258a%2580%25e3%2583%2586%25e3%2582%25ad%25e3%2582%25b9%25e3%2583%2588%2F%25e7%25ac%25ac2%25e7%25ab%25a0%25e3%2580%258024%25e5%25bc%258f%25e5%25a4%25aa%25e6%25a5%25b5%25e6%258b%25b3%25e3%2581%25ae%25e5%25ad%25a6%25e3%2581%25b3%25e6%2596%25b9%2F21-%25e8%25bb%25a2%25e8%25ba%25ab%25e6%2590%25ac%25e6%25ac%2584%25e6%258d%25b6%2F&title=%E6%B0%97%E5%8A%9F%E5%A4%AA%E6%A5%B5%E6%8B%B3%E3%82%B5%E3%83%BC%E3%82%AF%E3%83%AB%E3%83%BBSmile\" target=\"_blank\"  onclick=\"window.open(this.href,'Pokcetwindow','width=650,height=450,menubar=no,toolbar=no,scrollbars=yes');return false;\"><span class=\"vk_icon_w_r_sns_pocket icon_sns\"><\/span><span class=\"sns_txt\">Pocket<\/span><span class=\"veu_count_sns_pocket\"><\/span><\/a><\/li><li class=\"sb_copy sb_icon\"><button class=\"copy-button sb_icon_inner\"data-clipboard-text=\"\u6c17\u529f\u592a\u6975\u62f3\u30b5\u30fc\u30af\u30eb\u30fbSmile https:\/\/kodajima.net\/smile\/%e5%a4%aa%e6%a5%b5%e6%8b%b3%e5%ae%9f%e6%8a%80%e3%83%86%e3%82%ad%e3%82%b9%e3%83%88\/%e7%ac%ac2%e7%ab%a0%e3%80%8024%e5%bc%8f%e5%a4%aa%e6%a5%b5%e6%8b%b3%e3%81%ae%e5%ad%a6%e3%81%b3%e6%96%b9\/21-%e8%bb%a2%e8%ba%ab%e6%90%ac%e6%ac%84%e6%8d%b6\/\"><span class=\"vk_icon_w_r_sns_copy icon_sns\"><i class=\"fas fa-copy\"><\/i><\/span><span class=\"sns_txt\">Copy<\/span><\/button><\/li><\/ul><\/div><!-- [ \/.socialSet ] -->","protected":false},"excerpt":{"rendered":"<p>21.\u300c\u8ee2\u8eab\u642c\u6b04\u6376\u300d\uff08\u30ba\u30a1\u30f3\u30b7\u30a7\u30f3\u30d0\u30f3\u30e9\u30f3\u30c1\u30a7\u30a4\uff09 \u52d5\u4f5c\u9806\u5e8f\u3000\u3000\u56f3164 \u4f53 \u3000\u91cd\u5fc3\u3092\u5de6\u8db3\u306b\u79fb\u3057\u306a\u304c\u3089\u3001\u4f53\u3092\u5c11\u3057\u5de6\u306b\u56de\u3059\u3002 \u8db3 \u3000\u53f3\u8db3\u8e35\u3092\u3042\u3052\u308b\u3002 \u624b \u3000\u5de6\u624b\u3092\u5de6\u984d\u306e\u524d\u306b\u304a\u308d\u3059\u3002\u638c\u5fc3\u306f\u659c\u3081\u4e0a\u5411\u304d\u3002\u53f3\u624b\u306f\u4e0b\u306b\u3001\u5de6\u306b\u5f27\u3092\u63cf\u3044 [&hellip;]<\/p>\n","protected":false},"author":1,"featured_media":0,"parent":165,"menu_order":21,"comment_status":"closed","ping_status":"closed","template":"","meta":[],"_links":{"self":[{"href":"https:\/\/kodajima.net\/smile\/wp-json\/wp\/v2\/pages\/484"}],"collection":[{"href":"https:\/\/kodajima.net\/smile\/wp-json\/wp\/v2\/pages"}],"about":[{"href":"https:\/\/kodajima.net\/smile\/wp-json\/wp\/v2\/types\/page"}],"author":[{"embeddable":true,"href":"https:\/\/kodajima.net\/smile\/wp-json\/wp\/v2\/users\/1"}],"replies":[{"embeddable":true,"href":"https:\/\/kodajima.net\/smile\/wp-json\/wp\/v2\/comments?post=484"}],"version-history":[{"count":14,"href":"https:\/\/kodajima.net\/smile\/wp-json\/wp\/v2\/pages\/484\/revisions"}],"predecessor-version":[{"id":526,"href":"https:\/\/kodajima.net\/smile\/wp-json\/wp\/v2\/pages\/484\/revisions\/526"}],"up":[{"embeddable":true,"href":"https:\/\/kodajima.net\/smile\/wp-json\/wp\/v2\/pages\/165"}],"wp:attachment":[{"href":"https:\/\/kodajima.net\/smile\/wp-json\/wp\/v2\/media?parent=484"}],"curies":[{"name":"wp","href":"https:\/\/api.w.org\/{rel}","templated":true}]}}